19. Let y be r(-15). Let l = 80 + y. List the prime factors of l.
3, 13
Let m(i) be the third derivative of -i**6/120 - i**5/10 - i**4/12 - 2*i**3/3 - i**2. Let q be 6*-1 - (-6 + 6). List the prime factors of m(q).
2
Let u = 0 - -5. Suppose -3*c + p = 2*p - 86, 0 = -u*c + p + 130. What are the prime factors of c?
3
Let o(s) = s**3 + 3*s**2 - 4*s + 2. Let u(a) = a**2 + 6*a + 1. Let t be u(-5). Let d be o(t). Let z(k) = k**2 + 2*k + 1. What are the prime factors of z(d)?
3
Let r(n) = -n**3 + 4*n**2 + 2*n - 1. Let u be r(4). Suppose -u = 3*t - 64. List the prime factors of t.
19
Suppose 0 = -w + 3*w - 126. Let f = -27 + w. List the prime factors of f.
2, 3
Let r = -1 - 4. Suppose 3*z = -5*n + 64, -21 = -3*n - z + 15. Let v = n + r. What are the prime factors of v?
2, 3
Let z(o) = 0*o**2 + 10*o**2 + 28*o**2. List the prime factors of z(-1).
2, 19
Suppose 5*a - 38 - 15 = -2*t, -2*t = 2*a - 38. What are the prime factors of t?
2, 7
Suppose 4*f + 93 = -27. Let a be f/(-5)*1*-1. List the prime factors of 164/10 + a/15.
2
Let q be -1 - (-2 - (-3)/3). Suppose q = -3*o + 2*o + 3. Let d = o - -2. What are the prime factors of d?
5
What are the prime factors of 10/4*(-104)/(-65)?
2
Let p(y) = y**3 + 6*y**2 - 4. Let s be p(-6). List the prime factors of 15/(s/(-8)*3).
2, 5
Let k(z) = -z**3 + 4*z**2 + 4*z - 5. Let b be (7/14)/(1/8). What are the prime factors of k(b)?
11
Let x(r) = r**3 - 7*r**2 + 2*r + 21. List the prime factors of x(9).
3, 67
Suppose 3*g = 7*g - 4*y - 120, 4*g - 3*y = 120. List the prime factors of g.
2, 3, 5
Let m = -104 + 162. List the prime factors of m.
2, 29
Suppose 19 = 2*n - 139. What are the prime factors of n?
79
Suppose w + 13 = 2*w. Let r = 31 - w. List the prime factors of r.
2, 3
Suppose 6 - 1 = 4*d - 5*b, 0 = 4*b + 4. Suppose -4*p + 40 + 28 = d. List the prime factors of p.
17
Let j = 28 - 48. Let r = j - -35. List the prime factors of r.
3, 5
Suppose -3 = -4*q + 41. Let p = q - -8. What are the prime factors of p?
19
Let x(z) = -141*z - 2. List the prime factors of x(-1).
139
Let n = 41 - -17. Let f = -39 + n. List the prime factors of f/2 - (-3)/6.
2, 5
Let t be 1/1 + (-8)/4. Let g(y) = -3*y**3 + y**2 - y - 1. Let p be g(t). Suppose n - 3*i - 4 = -0*n, -4 = -n + p*i. List the prime factors of n.
2
Let n(o) = -o**2 + 15*o - 1. What are the prime factors of n(13)?
5
Suppose 2*p - 2 - 14 = 0. Let l = 1 + p. List the prime factors of l.
3
Suppose -67 - 58 = -5*b. Let i = b + -19. List the prime factors of i.
2, 3
Let z(f) = -f + 8. Let c(q) = -1. Let o(a) = -5*c(a) + z(a). What are the prime factors of o(-9)?
2, 11
Let t = -23 + 41. List the prime factors of t.
2, 3
What are the prime factors of 38/(-171) - (-1280)/9?
2, 71
Let l(k) = k**3 - 9*k**2 + 9*k + 3. Let t = -7 + 15. What are the prime factors of l(t)?
11
Suppose -350 = -9*v + 2*v. List the prime factors of v.
2, 5
Let c be 2*(-2)/4 - -13. Let w be ((-10)/8)/(3/c). Let z = w - -10. List the prime factors of z.
5
Let r = -9 - -7. Let i = r + 4. Suppose 0 = -i*t + 5*y + 43, 5 = 3*y - 8*y. What are the prime factors of t?
19
Let v(c) = c - 1. Let l(u) = 2*u - 17. Let q(o) = -l(o) + v(o). Let j be q(7). List the prime factors of 75/j + (-2)/6.
2
Suppose 457 = 7*u + 114. List the prime factors of u.
7
Let r = 124 + -58. Suppose -4*h - 14 = -r. List the prime factors of h.
13
Let w = -6 + 9. Suppose 30 = -w*n - 18. Let m = 26 + n. List the prime factors of m.
2, 5
Let a(d) = -13 - 2*d + 0*d - 6 + 7. List the prime factors of a(-8).
2
Let t = -199 - -281. List the prime factors of t.
2, 41
Let k = 9 - 26. Let m(w) = -8*w**3 - w**2 + 1. Let x be m(1). Let v = x - k. List the prime factors of v.
3
Let i be ((-18)/(-10))/(1/(-5)). List the prime factors of 13 + (-1)/((-3)/i).
2, 5
Let n(c) = -2*c**3 + c**2 + 3*c - 4. Let q be n(-3). Let v = q + -33. What are the prime factors of v?
17
Let v(c) = 2*c + 46. Let r be 1*(-4 - (3 - 7)). What are the prime factors of v(r)?
2, 23
Suppose 0 = -3*b - 5*l + 17, 5*b - l + 16 - 63 = 0. List the prime factors of b/15 - (-207)/5.
2, 3, 7
List the prime factors of (-29)/2*(-144)/24.
3, 29
Let m be 3/5 + 78/(-5). List the prime factors of (-9)/m + 36/15.
3
Let m = 8 - 3. List the prime factors of 122/m - (-4)/(-10).
2, 3
Suppose 3 = -13*q + 14*q. Suppose q*g - 24 = g. List the prime factors of g.
2, 3
Let f be (-3)/3*(-4)/2. Suppose -m + 28 = f*m - 5*a, -m - 5*a - 24 = 0. What are the prime factors of (3 - 0/2)*m?
3
Let k(g) = 8*g - 4. Let p(y) = -17*y + 7. Let z(w) = -9*k(w) - 4*p(w). List the prime factors of z(-8).
2, 5
Let t be -2 + (1 - 4) + 7. List the prime factors of (-6)/((-4)/(t - 0)).
3
Let x(j) = -6*j - 2. Let k be x(-3). Let n = k - 0. List the prime factors of n.
2
Let u = 3 + -4. List the prime factors of (-68)/(-16) + u/4.
2
Suppose 3*r + 4*i = 133, -2*r = 5*i - i - 90. List the prime factors of r.
43
What are the prime factors of (3 - 108/16)*(-416)/6?
2, 5, 13
Let i(c) = -c - 6. Let t be (-6)/9 + 39/(-9). Let y be i(t). List the prime factors of ((-20)/(-6))/(y/(-3)).
2, 5
Let r = 25 - 0. Suppose 2*t = -2*t - 4*c + 4, 5*c = -3*t - 1. Suppose 0*s - 23 = -3*q - 2*s, t*s + r = 4*q. List the prime factors of q.
7
Let s be 3/9 + (-1)/3. Suppose -5*j + j + 16 = s. What are the prime factors of ((-24)/(-9))/(j/6)?
2
Suppose 4*m = -0 + 4, -5*t + 4*m = -11. Suppose -t = 5*h - 53. What are the prime factors of h?
2, 5
Let n(p) = -2*p**3 - 2*p**2 + 3*p + 3. Let a be n(-3). Suppose 2*d - 8 - a = -4*j, 3*j = -d + 21. List the prime factors of d.
3, 5
Suppose 3*v + 2 = -22. Let i(z) = z**2 + 7*z + 1. What are the prime factors of i(v)?
3
Suppose -5*y + 0*w + w + 158 = 0, 2*y = 2*w + 60. List the prime factors of y.
2
Let i(h) = h**3 - 10*h**2 + 2*h + 5. Let t = -3 - -7. Let k(c) = -c**2. Let r(m) = t*k(m) - i(m). What are the prime factors of r(5)?
2, 5
Suppose -17 = -3*o - 2. Let d = 10 - o. What are the prime factors of d?
5
Let y be 2/(-12) + (-21)/(-18). Let a(t) be the third derivative of t**6/12 - t**5/60 + t**4/12 - t**3/6 + t**2. List the prime factors of a(y).
2, 5
Let w(y) = -y**2 + y - 1. Let q(h) = h**3 + h**2 - 3*h. Let i(r) = q(r) + 3*w(r). Suppose -9 = -3*c - 0*c. List the prime factors of i(c).
2, 3
Let w be (3 + 2)*42/(-15). Suppose -3*q + 4*u + 0*u = 11, -4*q + 4*u - 16 = 0. Let s = q - w. What are the prime factors of s?
3
Suppose -3*a + 8*a + 64 = 4*d, 4*d - 92 = -2*a. Let o = d + 0. List the prime factors of o.
3, 7
Let h(q) = q + 6. Let j be h(0). Let u = j - 4. List the prime factors of u.
2
Let i = -17 + 12. List the prime factors of (-864)/(-30) + (-1)/i.
29
Suppose 0*r = 3*r - 267. List the prime factors of r.
89
Suppose 2*v - u - 4 = 0, -4*v = 5*u - 9 - 13. Let x = 2 + v. Suppose 3*s - 5*w = 17, x*s + 3*w - 56 - 29 = 0. What are the prime factors of s?
2, 7
What are the prime factors of 52 - (4 + (-3 - 3))?
2, 3
Suppose 2*g + 99 = 2*y - 3*g, -2*y + 100 = -4*g. List the prime factors of y.
2, 13
Let b = 85 - 15. List the prime factors of b.
2, 5, 7
List the prime factors of ((-2)/4)/(2/(-244)).
61
Let z = 6 - 3. Suppose 0*t + 170 = 2*u + 5*t, -z*t + 237 = 3*u. Suppose 5*r - u = -0*r. What are the prime factors of r?
3, 5
Let u = -6 - -10. List the prime factors of 57/(-6)*(-6 + u).
19
Let t = 0 + 7. Let b(o) = -o**2 + 9*o + 5. Let i be b(t). Suppose -l - 3*x = -0*x - i, -l - x = -9. List the prime factors of l.
2
Suppose -2*q + 33 = 3*o, 5*q + 5*o - 68 = 27. What are the prime factors of q?
2, 3
Suppose 0 = -4*o - v + 209, -3*v - 3 = -6*v. List the prime factors of o.
2, 13
Let s be 2/(-2)*-4*-14. Let g = s + 98. List the prime factors of g.
2, 3, 7
Let p(q) = q**3 - 5*q**2 + 2*q + 4. Let n(k) = 5 + 2*k**2 + 0*k**2 + 6*k - 3*k**2. Let z be n(6). List the prime factors of p(z).
2, 7
Let b be 6*(16/(-6))/(-4). Suppose -10 = -5*q, -3*d - 4*q - 2 = -8*d. Suppose 2*c + 6 = -k - d*c, 4*k + 2*c = b. List the prime factors of k.
2
Let k = 15 + -10. Suppose 4*p + 2*o - o - 83 = 0, -k*p = -2*o - 107. What are the prime factors of p?
3, 7
Suppose 2*j - 4*f - 30 = 6, 0 = j - 3*f - 17. Suppose -5*v = -v - j. List the prime factors of v.
5
Let x = 2 - 0. Suppose -29 = -p - y, -x*p - 12 = y - 69. Suppose 2*l = -3*u + p, -5*u + 2*l = -2*u - 20. List the prime factors of u.
2
Suppose 165 = -6*l - 339. List the prime factors of